e 6/(-15)*(-48 - 2). Suppose -7 = -3*g + z. What is the units digit of g?
9
Let o be (-18)/4 + 12/24. Let r(m) = m**3 + 4*m**2 - 6*m - 3. What is the tens digit of r(o)?
2
Let d(h) = 8*h - 6. What is the units digit of d(20)?
4
Let w(q) = q**3 + 2*q**2 - 2*q. Let f be w(-3). Let s = f - -4. What is the units digit of s?
1
Suppose -2*u - 66 = -2*n, -4*n + 2*u + 136 = -0*u. Suppose n = 4*d + 159. Let l = -18 - d. What is the tens digit of l?
1
Suppose -3*z + 9 = -z + 3*n, -2*n = 2*z - 6. Suppose -2*x + 10 = -4*o, z*o - 5*o - 5 = -x. What is the units digit of x?
5
Let h = 116 - 61. What is the tens digit of h?
5
Let u(a) = -a**2 + 3*a - 2. Let f be u(3). Let w be -1 - (f + 1) - 0. Suppose w = -3*b - b + 16. What is the units digit of b?
4
Let r = -14 - -14. Suppose r = -2*x - 0*x, 15 = 5*h + 2*x. What is the units digit of h?
3
Let m(y) = y**2 - y + 25. Let d be m(0). Let q = 1 + d. Suppose 4*a = q + 10. What is the units digit of a?
9
Let v(q) = -2*q - q**2 + 2 + q**2 + 3*q**2. What is the units digit of v(4)?
2
Let n be (72/(-30))/(2/(-10)). What is the units digit of (n/8)/(1/6)?
9
What is the tens digit of 1254/9 - -1 - 4/(-6)?
4
Suppose 0 = 3*s - 38 - 724. What is the hundreds digit of s?
2
Let c = 100 - 24. What is the units digit of c?
6
Suppose 0 = 2*v - 4. What is the tens digit of v - -12 - (-2 - 0)?
1
Let c = 11 - 32. Let h be ((-10)/3)/(7/c). Suppose -5*z - 24 = -3*b - h, -2*z - 36 = -5*b. What is the units digit of b?
8
Suppose 5*o = 5*v - 10, 2*v - 20 = -3*v. Let t be 4/(1*(-1)/o). Let w = -2 - t. What is the units digit of w?
6
Suppose 4*b + 96 = 4*d - 0*d, 0 = -3*d + 4*b + 75. What is the units digit of d?
1
Let y = -3 - -5. Let u be (-4)/8*y*-1. Let p = u + 2. What is the units digit of p?
3
Suppose 0 = 3*w - 3*m - 9, 3*m + 14 = -3*w + 53. What is the units digit of w?
8
Let g(o) be the third derivative of o**4/12 + o**3/6 + o**2. Suppose 0 = 7*b - 2*b - 10. What is the units digit of g(b)?
5
Suppose -101 = -5*j - 6. Suppose -k + 8 = 3*t, 0*t + j = 4*t + 3*k. What is the units digit of t?
1
Suppose 2*v - v = 232. What is the tens digit of v?
3
Suppose -5*v = -2*v - 15. Suppose 0*o - 4*o - 87 = -v*b, -3*b = o - 59. Let d = 31 - b. What is the tens digit of d?
1
Let g = -27 + 34. What is the units digit of g?
7
Let b(n) = -n + 2. Let p be b(-2). Suppose p*k - 6 = k. What is the units digit of ((-35)/10)/((-1)/k)?
7
Suppose -x - 1 + 7 = 0. Suppose -4*v + z + 32 = 6*z, 0 = 2*v - 3*z + x. Suppose -v*d + 4*d = 3. What is the units digit of d?
3
Suppose -7*k = -2*k + 3*d - 110, 0 = k + 3*d - 10. Suppose -8*s = -3*s - k. What is the units digit of s?
5
Let i = -6 + 12. Suppose b = -b + i. What is the units digit of b?
3
Let c = 17 + -8. Let i = c + -5. Suppose 0 = 5*s + i - 24. What is the units digit of s?
4
Let z be (-106)/(-2) - (1 - -1). Suppose -5*o - 36 = 3*f, -5*o - f - z = -3*f. What is the units digit of 1/(-2 + (-21)/o)?
3
Let a = -11 - -17. Suppose 3*v + w - a = 0, 6 = -0*w - 2*w. Suppose -v*j = 1 - 25. What is the units digit of j?
8
Suppose 0 = -3*q + 3*i + 387, 387 = 3*q - 0*i - 4*i. What is the units digit of q?
9
Let z = 262 + -179. What is the tens digit of z?
8
Suppose 3*b - 1113 = -5*f, -335 = -2*b + f + 394. What is the tens digit of b?
6
Let g = 11 + -8. Let l be g/(-9) - 1/(-3). Suppose -13 = -l*a - a. What is the units digit of a?
3
Let m be -5*(0 - -1 - 2). Let k = m - 2. Suppose k*v = -13 + 34. What is the units digit of v?
7
Let h = -6 + 8. Suppose -3*v = -h*z + 2 - 9, -18 = -2*z - 2*v. Suppose -z*t = -0*t - 48. What is the tens digit of t?
1
Let m = 185 - 105. What is the tens digit of m?
8
What is the hundreds digit of (204/(-1))/(-3 + (-21)/(-14))?
1
Let x(p) = p**2 - p + 1. Let q be x(1). What is the units digit of q*57/(-3 + 6)?
9
Suppose 0 = -7*t + 38 + 256. What is the units digit of t?
2
Let v(x) = -2 - 2 + x**3 + 5*x**2 + 7*x + 2 + 2*x**2. What is the units digit of v(-5)?
3
Suppose 4*j - 36 = -3*s, j - 5*j + 36 = -s. Let k = j - 6. What is the units digit of k?
3
Let a be 7/((-1)/(-1)) + 1. Let n = 6 - a. Let b = n - -12. What is the tens digit of b?
1
Let w(c) = -c - 3. Let y be w(0). Let b(d) be the first derivative of -d**4/4 - d**3/3 + 2*d**2 - 16. What is the units digit of b(y)?
6
Let d = -474 - -869. What is the tens digit of d?
9
Let n = -15 - 6. Let g = -13 - n. Suppose 3*l - g = 4. What is the units digit of l?
4
Let j = -1 + 2. Let x be j*-6*(-8)/12. Suppose -x*g = 5*y - 31 - 7, -35 = -5*y - 5*g. What is the tens digit of y?
1
Let q(m) = m**3 - m**2 - 14*m + 3. Let p(w) = w**2 - w + 1. Let j(o) = 6*p(o) - q(o). Let i be j(8). Suppose i*b - 27 = -3. What is the units digit of b?
8
Suppose p + 16 = c - 3*p, p = 4*c - 139. What is the units digit of c?
6
Suppose 2*q = -2 - 4. Let y(v) = 2*v**2 + 5*v + 3. What is the units digit of y(q)?
6
Suppose 29 = 5*k - 1. Let i be (-2)/3*k/4. What is the units digit of (3 + i - -2)*2?
8
Let g(p) = -10*p + 5. What is the tens digit of g(-4)?
4
Let v be 1*14/6*3. Let i = v - -29. Suppose -3*s = 12 - i. What is the units digit of s?
8
Let q(o) = -4 + 3*o**2 + 5*o - 5*o**2 + 3*o**2. Suppose 24 = l - 5*l. What is the units digit of q(l)?
2
Let o(f) = 2*f**3 + 3*f**2 + 2*f. Let d be o(-2). Let u be 24/(-10)*20/d. What is the units digit of (2 - 10/u)*6?
2
Let o = 17 + 1. What is the units digit of o?
8
Let h be ((-2)/4)/(2/(-8)). Suppose -7*t + 15 = c - 3*t, -48 = -h*c + t. What is the tens digit of c?
2
Let u = 22 - -20. What is the tens digit of u?
4
Let c(b) = 2*b**2 - b + 3. What is the tens digit of c(-4)?
3
Let g be (-1)/3 - 8/12. Let t(h) = h**3 - 4*h**2 + h + 4. Let k be t(3). What is the units digit of g/(3/6)*k?
4
Let l = 2 + -2. Suppose l*x - 4*x = -8. Suppose -x*m = 2*y - 0*y - 6, 0 = -2*y + m + 12. What is the units digit of y?
5
Suppose 3*b = -3*k + 21, -5*k + 3*b - 1 = -b. Suppose 0 = -4*h - z + 20, 0 = -k*h - z + 2 + 14. Suppose -3*v - v = -h. What is the units digit of v?
1
What is the units digit of (4 - (-1086)/9) + (-4)/6?
4
Suppose 6 = w + 2*w. What is the tens digit of w/4 + (-195)/(-10)?
2
Suppose 2*b = -0 + 8. Suppose -2 + 10 = b*i. What is the units digit of i?
2
Let q(b) = 2*b**3 - 17*b**2 + 8*b + 4. What is the units digit of q(8)?
4
What is the units digit of -51*8/(120/(-125))?
5
Suppose 0 = -0*m - m + 7. Suppose m*w - 128 = -4*k + 2*w, 0 = -4*k - 4*w + 124. What is the tens digit of k?
2
Suppose d - 6*d = 30. Let y = d + 16. What is the tens digit of y?
1
Let n be (-256)/(-40) - (-4)/(-10). Suppose -4*i + n = -2*i. Suppose -r = -i*y + 5 - 4, 2*y + 4*r - 10 = 0. What is the units digit of y?
1
Suppose -18 = 4*p - 50. Suppose 0*w = -w + p. Let m = w - 5. What is the units digit of m?
3
Let r be (-12)/(-3 + -1) + 3. Let l(w) = 2*w - 1. What is the units digit of l(r)?
1
Let z be 6/2 + 93/1. Suppose 3*b + 2*b = 4*q + 64, 0 = -5*b - 4*q + z. What is the units digit of b?
6
What is the tens digit of (1776/40)/(4/10)?
1
Suppose -3*n - 2*n + 10 = 0. Suppose -n = -p - 0. Suppose 0 = 5*q + 3*f - 34, -p*f - 37 - 7 = -5*q. What is the units digit of q?
8
Let t = 0 + 1. Let s be 0/(3 - 0 - t). Suppose 2*v + v - 15 = s. What is the units digit of v?
5
Let q = 0 - -9. Suppose -20 = -y - q. Let k = y - 8. What is the units digit of k?
3
Let k(t) = t**3 + 3*t**2 - 3*t - 5. Let b be k(-4). Let j = b + 14. What is the units digit of j?
5
Suppose 2*t + t + 9 = 0. Let s be 0*t/6 + 6. Let v = s - 2. What is the units digit of v?
4
Let q(c) = c**2 + 5*c + 15. What is the units digit of q(-10)?
5
Let l(x) = -x - 5. Let m be l(-8). Suppose 0 = v + v - m*p + 9, 2*v + 2*p = 16. Suppose 4*w - 9 = v. What is the units digit of w?
3
Let g(d) = -d + 9. Let o be g(5). Suppose 0 = -5*a + 15, -83 = -o*u - a. What is the units digit of u?
0
Suppose -b - 4*t = -123, -b + t + 407 = 3*b. Suppose 4*m - 137 = 5*w + 15, -w = -3*m + b. What is the tens digit of m?
3
Let r(q) = q**2 - 2*q + 2. Let b be 0 + -13 + (-3 - -2). Let a be (-4)/6 - b/3. What is the tens digit of r(a)?
1
What is the units digit of (4 - (6 + -6))*(-59)/(-4)?
9
Let j = 6 - 6. What is the tens digit of (-2 - (2 - 19)) + j?
1
Suppose 69 = q + u, -2*q + 2*u = -0*q - 138. What is the units digit of q?
9
Let k(f) = 7*f + 24. What is the units digit of k(4)?
2
Let i be -2*(-2)/(-4) - 11. Let a be (2/(-